j(n) = -s(n) + z(n). Let h be j(-3). Is (3/(6/h))/1 a composite number?
True
Suppose 0 = -2*p + b - 396, -11*b + 10*b - 400 = 2*p. Let r = 94 - p. Is r composite?
False
Let u = -26641 - -79992. Is u composite?
True
Let b(x) = 217*x**2 + 5 - 2 + 181*x**2 + 474*x**2. Let y = -34 + 36. Is b(y) a composite number?
False
Suppose 0 = 2*p - 15*p - 403. Let g = p + 33. Suppose -w + 176 = -3*c, -5*w + 4*c = g*c - 945. Is w prime?
True
Let a = -5297 - -8314. Is a a composite number?
True
Let f(a) = 420562*a + 5269. Let g(j) = -479*j - 6. Let n(s) = -6*f(s) - 5269*g(s). Suppose 5 = w + 4*w. Is n(w) composite?
False
Let z(p) = -p**3 + 10*p**2 + 12*p - 11. Let q be z(11). Suppose -3*l - 1344 + 9735 = q. Suppose 5*f + 5*k - 2*k - l = 0, -f + 545 = -3*k. Is f a prime number?
True
Suppose 2*k + 105 = 2*n - 3*k, 3*n + k = 183. Is -1 + 52/n - (-18994)/30 a composite number?
True
Suppose -631*h = -622*h - 47241. Is h a composite number?
True
Suppose -9*s - 18 = -3*s. Let w = -18 - s. Is 9592/40 - (-12)/w a prime number?
True
Let h(z) = -z**3 - 14*z**2 - 10*z + 27. Let c be h(-13). Let x(s) = 7*s**2 - 9*s - 29. Is x(c) prime?
True
Let f be ((-873)/18 + 4)/(3/114). Let s = f + 2412. Is s composite?
True
Let b be (4 + -2 + -1)*35101. Suppose 5*m = 2*a - 9957 + 53828, 0 = 4*m - 3*a - b. Suppose 5842 = 2*n - 2*y, 6*n + 2*y = 3*n + m. Is n composite?
True
Suppose 0 = -28*j + 34*j - 262986. Is j composite?
True
Suppose 62*z + 2549 - 10446 = 9*z. Is z a composite number?
False
Suppose 0 = -2*g + 3*v + 1, 0*v + 1 = -g + v. Let s(b) = 366*b**2 - 5*b - 28. Let h be s(g). Suppose 10*r = 2*r + h. Is r composite?
True
Let l(j) = -j**3 - 63*j**2 + 9*j + 39. Let b be l(-53). Let s = 48477 + b. Is s a prime number?
True
Let u be (78/(-14) + 6)/(2/14). Suppose u*f - 3682 = -i, 3*i + 6*f = 2*f + 11061. Is i composite?
False
Suppose 202 + 98 = 3*v. Let o be -1*5*160/v. Let d(c) = -5*c + 11. Is d(o) a composite number?
True
Suppose -2009332 = -4*l + 4*c, 13*l - 9*l + 5*c = 2009386. Is l a prime number?
True
Let z = 209 + -122. Let w = 278 + z. Is w a composite number?
True
Let n(s) = 5753*s**2 + s + 2. Let j be n(-1). Suppose -j = -5*r + 12*r. Is (7/(-2))/((-819)/r - 1) composite?
True
Let o(g) = g**3 + 14*g**2 + 25*g + 16. Let x be o(-12). Suppose -x*h + 2188 + 1871 = c, 3*c - h - 12112 = 0. Is c prime?
False
Suppose 63840*p = 63868*p - 2499308. Is p a prime number?
True
Let m(j) = 48*j**3 + 6*j**2 - 4*j + 6. Let g be m(-4). Let h = g - -4765. Is h composite?
False
Let y(w) = 26*w - 147. Let v be y(6). Is (-5773)/(-2)*18/v prime?
False
Let k(q) = 2*q**3 + 9*q**2 - 8*q - 4. Let m be (-4)/22 - 492/(-44). Is k(m) prime?
True
Is 1726044/17 - (20 + -9) a prime number?
False
Let b = -332 - -328. Is (2 + (b - 0))*(-16253)/2 composite?
False
Suppose -37*d + 4737731 = -4235062 - 10797824. Is d a composite number?
False
Suppose -2*j - 2*j = -92. Let u = -24 + j. Is 17 + -15 + (812 - u) prime?
False
Let w = -295315 + 557866. Is w a prime number?
False
Is (15/6)/(320/55658368) a composite number?
False
Let w = 179343 + -109444. Is w prime?
True
Let j = -323514 - -648227. Is j a prime number?
False
Let d be (1230/369)/((-2)/78 + 0). Let t = d - -6483. Is t prime?
True
Is (-5253465)/(-40) + -8 + (-2)/(-32)*6 composite?
True
Let a(y) = 9*y**3 - 5*y**2 - 7*y. Suppose 4*h - 71 = 5*v, -3*h + 99 = 2*h + 4*v. Let l = 24 - h. Is a(l) prime?
False
Suppose -852248 = 124*h + 76*h - 22600848. Is h composite?
True
Suppose 0 = -7764*f + 7770*f - 1326954. Is f prime?
True
Suppose 26256 = -9*r - 38346. Let w = -4717 - r. Is w composite?
True
Let z = 72 - 43. Suppose 0 = -3*x - x + 3*a + 347, 4*a - 82 = -x. Let r = z + x. Is r a prime number?
False
Is 6507272/16 - (-99)/(-66) composite?
True
Suppose -7*g + 3*g + 264 = 0. Let l be (-277 - -1)/(210/g - 3). Let v = l + 3959. Is v a composite number?
False
Suppose -4*f + 54 = -5*t, -2*t + 2*f = 6*f + 16. Let o(b) = -10*b**2 + 17*b - 24. Let g be o(t). Let i = g + 2509. Is i prime?
False
Suppose -124017 = -2*l + 4*g + 59023, -2*g - 457576 = -5*l. Suppose -2*o - 4*x = -l, 8*o + 5*x - 183040 = 4*o. Suppose o + 2703 = 12*m. Is m a composite number?
True
Let s(l) = 34*l**3 + 16*l**2 + 18*l - 158. Let p be s(16). Suppose 5*a = u + p, 4*a = -3*u + u + 114778. Is a composite?
False
Suppose 0 = -43*k + 36*k + 28. Let s be (-10634)/(-10) - k*(-3)/(-30). Suppose s = -2*x + 3365. Is x a prime number?
True
Let l(f) = 11*f - 3*f - 3*f - 3*f + 13. Let x be l(-6). Is x - -2 - (-1172 - 12) prime?
True
Suppose -10*v = 38*v - 2*v + 8050. Suppose 7*f - 3*f + 72 = 0. Let g = f - v. Is g prime?
True
Let v = -308 - -312. Suppose -2*l - q = -11258, -5*l - 5*q = -v*l - 5647. Is l composite?
True
Suppose q + 3*u + 175 = 0, -3*q + 3*u - 481 = u. Let k = 260 - -6. Let o = q + k. Is o prime?
True
Suppose d + 5*a + 9 - 11 = 0, -3*d + 2*a - 28 = 0. Is -1 + 1 + 22*(-2404)/d a composite number?
True
Let n = -177 - -208. Suppose -n*y + 3*y = -101948. Is y a prime number?
False
Let n be 2 + -5 + -2 + 5. Suppose n = -f - 1 + 3, s - 1245 = 2*f. Is s a prime number?
True
Suppose -4*s + 10281 = 1801. Let m be (2/(-4))/((-2)/s). Suppose -m = -30*z + 28*z. Is z a composite number?
True
Suppose -50*r + 6343 + 1151574 = -31*r. Is r a prime number?
True
Suppose -3*n = -f + 1, 2*n = -6*f + 2*f - 10. Let z(a) = -406*a**3 + a**2 + a + 1. Is z(n) a composite number?
True
Let v(d) = d**2 - 17*d - 35. Let b be v(19). Suppose 4*g - 2*g - 7383 = -h, 29576 = 4*h - b*g. Is h composite?
True
Let z = 1948 - -47. Let g = z + -766. Is g a prime number?
True
Is ((-29041220)/650)/((-2)/10) prime?
False
Let l(u) = 21*u**2 + 53*u - 9. Let h = 143 + -154. Is l(h) a composite number?
False
Let o be 17/(-34) - 9/(-2). Suppose 0*r - 6168 = o*r. Let s = -655 - r. Is s prime?
True
Suppose -3*g = -2328 - 1164. Suppose 3*k - 4323 = g. Is k a prime number?
False
Let i(x) = 232*x + 146 + 353 - 210. Is i(42) prime?
False
Let k(s) = s**3 - s**2 - 4*s - 110. Let y be k(0). Let x = y + 297. Is x a prime number?
False
Let n = -84848 + 175519. Is n a prime number?
False
Let v(i) = -162*i + 60. Let a be v(-18). Let k = a - 1877. Is k a composite number?
True
Suppose 8121 = -3*c - 2382. Let a(q) = q**2 + 56*q - 101. Let i be a(55). Let h = i + c. Is h composite?
False
Let g(n) = -22554*n - 23. Is g(-1) a composite number?
False
Let v(k) = 3*k + 2 + 19*k**2 - 35*k**2 + 3*k + 19*k**2. Let t be v(-2). Suppose -t*d = -198 - 640. Is d a prime number?
True
Let p(q) = -411*q - 244. Let g be (-75)/12 - (-30)/(-40). Is p(g) prime?
True
Let g(l) = 59*l**3 - 4*l**2 + 44*l - 83. Let c be g(2). Suppose 2 = -3*k + 8. Suppose -c = -k*x - 3*q, 2*x - 233 = x - 2*q. Is x a prime number?
True
Suppose 0 = 4*u - 16, -7*u + 13768 = 4*v - 11*u. Let k = -393 + v. Is k prime?
False
Let u be -11*(-6 - (-5945)/(-5)). Suppose -l + u = -9084. Is l a composite number?
False
Let s = 52 - 46. Suppose -16 = s*j - 40. Suppose -r = 4*k - 1004, r + 3*r - 1004 = -j*k. Is k a composite number?
False
Let b = 264646 - 145603. Suppose 19*f = -8*f + b. Is f composite?
False
Let i be -3 + 6 + 21605 + 18. Let q = 40923 - i. Is q composite?
True
Let n be ((-5)/(-2))/((-3)/78). Let y = 2030 - n. Suppose -2*k + y = 3*k. Is k a prime number?
True
Is 369/(-41) + 0 + 405892 a composite number?
True
Suppose 0 = 35*p - p + 396032. Let f = p + 17845. Is f a composite number?
False
Suppose 2*d = -4*l + 261 + 2751, 8 = -2*d. Let o = -47 + l. Suppose 0 = -j - 5*j + o. Is j composite?
True
Let v be ((-24)/(-9))/(-6 - 5248/(-876)). Let f = 2093 + v. Is f composite?
False
Suppose -5*r + 2*a + 3*a = 2290, 4*a = 5*r + 2285. Let g = r + 3272. Is g a prime number?
True
Let r = -3828 - -9623. Let t = r - 1458. Is t prime?
True
Let f(z) = z**3 - 23*z**2 - 51*z + 4. Let x be f(25). Let o(i) = 9*i**2 - 4*i - 80. Is o(x) a composite number?
True
Suppose -4*t = 5*r - 2710998, -2*t - 8*r + 1355538 = -12*r. Is t prime?
False
Let z = 878787 - 565958. Is z a prime number?
False
Let s(u) be the second derivative of 23*u**7/2520 + u**5/60 - 13*u**4/6 - 8*u. Let g(f) be the third derivative of s(f). Is g(-2) a prime number?
False
Let i(f) = 12075*f**3 - 35*f**2 - 10*f + 7. Is i(4) prime?
True
Let d = -36 + 51. Suppose 11*t = d*t - 8. Suppose -5*r + t*u + 21065 = 0, -u - 10486 = -2*r - 2060. Is r a prime number?
F